?
False
Is 11359 composite?
True
Is 56513 a prime number?
False
Is 132911 a prime number?
True
Is 418157 a composite number?
False
Is 793271 a prime number?
False
Is 6437 prime?
False
Is 10883 prime?
True
Is 19657 composite?
True
Is 3127 a composite number?
True
Is 259643 prime?
True
Is 4007 a composite number?
False
Is 33477 a composite number?
True
Is 66419 composite?
True
Is 19121 a prime number?
True
Is 340159 prime?
False
Is 256249 composite?
True
Is 40231 a composite number?
False
Is 33959 prime?
False
Is 167471 composite?
False
Is 2521 composite?
False
Is 116923 prime?
True
Is 8153 composite?
True
Is 603253 prime?
False
Is 320159 a prime number?
False
Is 1772497 composite?
False
Is 62189 composite?
False
Is 832703 a composite number?
False
Is 937 a prime number?
True
Is 2333261 composite?
True
Is 52627 a prime number?
True
Is 23809 prime?
False
Is 142939 prime?
True
Is 2813 composite?
True
Is 91037 a composite number?
True
Is 153407 composite?
False
Is 3299063 prime?
False
Is 22343 a prime number?
True
Is 2579 a composite number?
False
Is 20129 prime?
True
Is 3408659 a composite number?
False
Is 10661 a prime number?
False
Is 12539 composite?
False
Is 538049 a composite number?
False
Is 39019 a composite number?
False
Is 8563 prime?
True
Is 26327 a composite number?
True
Is 54743 composite?
True
Is 15959 a prime number?
True
Is 35599 composite?
True
Is 133249 a prime number?
False
Is 1345 a composite number?
True
Is 234569 prime?
False
Is 5759 prime?
False
Is 1361 a prime number?
True
Is 186851 a composite number?
True
Is 3295541 composite?
False
Is 2179 a prime number?
True
Is 4327 a prime number?
True
Is 9091 a composite number?
False
Is 58657 prime?
True
Is 12146 composite?
True
Is 93838 prime?
False
Is 6769 composite?
True
Is 43573 composite?
False
Is 398347 composite?
False
Is 298723 a prime number?
True
Is 353557 composite?
False
Is 13274 prime?
False
Is 39211 a composite number?
True
Is 173354 a composite number?
True
Is 44297 composite?
True
Is 94593 composite?
True
Is 35138 composite?
True
Is 147122 a composite number?
True
Is 12239 a composite number?
False
Is 14543 composite?
False
Is 23801 prime?
True
Is 646379 a composite number?
False
Is 457537 composite?
True
Is 1273 a prime number?
False
Is 6469 a composite number?
False
Is 333197 composite?
False
Is 286801 prime?
True
Is 1777 a composite number?
False
Is 474587 a prime number?
False
Is 25577 a composite number?
False
Is 997877 composite?
False
Is 1217 prime?
True
Is 1613939 a prime number?
False
Is 24933 a composite number?
True
Is 41119 a composite number?
True
Is 11851 a composite number?
True
Is 953 composite?
False
Is 38639 a prime number?
True
Is 3581 prime?
True
Is 181813 composite?
False
Is 57571 prime?
True
Is 7769 a prime number?
False
Is 54959 composite?
False
Is 49587 composite?
True
Is 116221 composite?
True
Is 791 a composite number?
True
Is 9073 prime?
False
Is 194099 a composite number?
True
Is 969559 composite?
False
Is 7303 composite?
True
Is 41131 prime?
True
Is 26421 composite?
True
Is 1439 prime?
True
Is 967 a composite number?
False
Is 150181 prime?
False
Is 25733 composite?
False
Is 253069 composite?
True
Is 176017 composite?
False
Is 15511 a composite number?
False
Is 1207403 a composite number?
False
Is 19547 composite?
True
Is 1422087 prime?
False
Is 7229 prime?
True
Is 469 composite?
True
Is 10007 prime?
True
Is 1545641 a prime number?
True
Is 20789 a prime number?
True
Is 305495 a composite number?
True
Is 1966285 a composite number?
True
Is 2501 composite?
True
Is 21071 composite?
True
Is 4931959 a composite number?
True
Is 10687 composite?
False
Is 34457 composite?
False
Is 293599 prime?
True
Is 238129 a prime number?
False
Is 1291237 a prime number?
False
Is 67702 composite?
True
Is 128977 composite?
True
Is 2510891 a prime number?
True
Is 111193 a composite number?
True
Is 213127 a prime number?
False
Is 349493 composite?
False
Is 9859 composite?
False
Is 683987 a prime number?
False
Is 85021 a prime number?
True
Is 1537 composite?
True
Is 34495 a composite number?
True
Is 58489 a prime number?
False
Is 112667 prime?
False
Is 209393 prime?
True
Is 136709 a prime number?
True
Is 1306961 a composite number?
False
Is 269707 a prime number?
False
Is 5671 a composite number?
True
Is 326617 composite?
False
Is 12979 a prime number?
True
Is 16249 a prime number?
True
Is 25013 a prime number?
True
Is 200807 a composite number?
False
Is 121843 a prime number?
True
Is 1253929 a prime number?
False
Is 629 prime?
False
Is 317 a prime number?
True
Is 21077 composite?
True
Is 1991 a composite number?
True
Is 1904039 composite?
True
Is 307 composite?
False
Is 7669 a composite number?
False
Is 127807 prime?
True
Is 83713 composite?
True
Is 6947 a prime number?
True
Is 4861 composite?
False
Is 42791 a composite number?
True
Is 2397991 prime?
True
Is 6947 a prime number?
True
Is 121517 a composite number?
True
Is 15193 a prime number?
True
Is 119837 prime?
False
Is 444401 prime?
True
Is 188453 a composite number?
True
Is 499531 a composite number?
True
Is 47407 a composite number?
False
Is 40759 a composite number?
False
Is 70361 composite?
True
Is 13901 composite?
False
Is 17617 a composite number?
True
Is 32477 a prime number?
False
Is 845357 composite?
False
Is 11283 a composite number?
True
Is 24197 composite?
False
Is 3428119 composite?
True
Is 773945 composite?
True
Is 304409 a composite number?
True
Is 1748167 prime?
True
Is 3649 prime?
False
Is 42907 composite?
True
Is 16311 a prime number?
False
Is 9089 a composite number?
True
Is 1833059 composite?
True
Is 685727 a composite number?
True
Is 50755 prime?
False
Is 3691 composite?
False
Is 832539 composite?
True
Is 23437 prime?
False
Is 14293 a composite number?
False
Is 8637 a composite number?
True
Is 42971 prime?
False
Is 502591 prime?
True
Is 349037 composite?
True
Is 613337 prime?
True
Is 41551 a composite number?
True
Is 291 prime?
False
Is 1115759 a composite number?
False
Is 5773 composite?
True
Is 7283 composite?
False
Is 11785 a prime number?
False
Is 9923 prime?
True
Is 12185 a composite number?
True
Is 25367 composite?
False
Is 223534 a composite number?
True
Is 125857 a composite number?
True
Is 16249 composite?
False
Is 368777 prime?
False
Is 15013 a prime number?
True
Is 192277 composite?
True
Is 219259 a prime number?
False
Is 71157 a prime number?
False
Is 34179 composite?
True
Is 1531769 prime?
True
Is 85949 a composite number?
True
Is 22189 a prime number?
True
Is 2103 composite?
True
Is 749701 a prime number?
True
Is 133 a prime number?
False
Is 136879 a prime number?
True
Is 5737 a composite number?
False
Is 102187 prime?
False
Is 500629 a prime number?
True
Is 2133299 a prime number?
False
Is 32117 prime?
True
Is 17691 a composite number?
True
Is 101627 composite?
False
Is 21839 composite?
False
Is 15811 composite?
True
Is 6029 a composite number?
False
Is 368227 prime?
True
Is 229718 a composite number?
True
Is 88697 prime?
False
Is 11519 a prime number?
True
Is 55469 a prime number?
True
Is 1949 composite?
False
Is 7835 a prime number?
False
Is 143123 composite?
True
Is 1405 composite?
True
Is 31523 composite?
True
Is 32353 a composite number?
False
Is 134497 a composite number?
True
Is 557017 a composite number?
False
Is 37 prime?
True
Is 136691 prime?
True
Is 1066493 composite?
True
Is 1061 prime?
True
Is 295093 prime?
False
Is 16726 a prime number?
False
Is 808733 prime?
True
Is 72847 a prime number?
False
Is 19841 a composite number?
False
Is 891763 composite?
False
Is 672301 a prime number?
False
Is 10211 a prime number?
True
Is 434647 a composite number?
False
Is 83351 composite?
True
Is 162139 a prime number?
False
Is 13451 a composite number?
False
Is 5501 a composite number?
False
Is 50663 prime?
False
Is 255441 composite?
True
Is 37001 prime?
False
Is 29521 a composite number?
True
Is 1067 composite?
True
Is 306209 a prime number?
True
Is 248555 composite?
True
Is 11821 composite?
False
Is 1929553 prime?
True
Is 38633 composite?
True
Is 109943 composite?
False
Is 35357 a prime number?
False
Is 12185 composite?
True
Is 39251 composite?
False
Is 297907 composite?
False
Is 2153 a prime number?
True
Is 1726507 prime?
False
Is 130459 prime?
False
Is 13963 a prime num